{"id":2985,"date":"2024-05-20T21:13:16","date_gmt":"2024-05-21T00:13:16","guid":{"rendered":"https:\/\/www.hidrauservice.com.br\/?post_type=product&#038;p=2985"},"modified":"2024-05-20T21:13:56","modified_gmt":"2024-05-21T00:13:56","slug":"adaptadores-trw","status":"publish","type":"product","link":"https:\/\/www.hidrauservice.com.br\/index.php\/produto\/adaptadores-trw\/","title":{"rendered":"Adaptadores TRW"},"content":{"rendered":"<table style=\"height: 253px;\" width=\"686\">\n<tbody>\n<tr>\n<td style=\"text-align: center;\">REF.<\/td>\n<td style=\"text-align: center;\">Descri\u00e7\u00e3o<\/td>\n<td style=\"text-align: center;\">C\u00f3digo<\/td>\n<\/tr>\n<tr>\n<td style=\"text-align: center;\">007<\/td>\n<td style=\"text-align: center;\">Apatadores p\/ trw sauer<\/td>\n<td style=\"text-align: center;\">6010300002<\/td>\n<\/tr>\n<tr>\n<td style=\"text-align: center;\">007\/1<\/td>\n<td style=\"text-align: center;\">Adaptadores p\/ trw livenza<\/td>\n<td style=\"text-align: center;\">6010300001<\/td>\n<\/tr>\n<tr>\n<td style=\"text-align: center;\">007\/2<\/td>\n<td style=\"text-align: center;\">Adaptadores p\/ trw ognibene<\/td>\n<td style=\"text-align: center;\">6010300003<\/td>\n<\/tr>\n<\/tbody>\n<\/table>\n","protected":false},"excerpt":{"rendered":"<p>REF. Descri\u00e7\u00e3o C\u00f3digo 007 Apatadores p\/ trw sauer 6010300002 007\/1 Adaptadores p\/ trw livenza 6010300001 007\/2 Adaptadores p\/ trw ognibene 6010300003<\/p>\n","protected":false},"featured_media":2987,"comment_status":"open","ping_status":"closed","template":"","meta":[],"product_brand":[],"product_cat":[59,63,54],"product_tag":[],"class_list":{"0":"post-2985","1":"product","2":"type-product","3":"status-publish","4":"has-post-thumbnail","6":"product_cat-acessorios","7":"product_cat-adaptadores-trw","8":"product_cat-produtos","10":"first","11":"instock","12":"shipping-taxable","13":"product-type-simple"},"_links":{"self":[{"href":"https:\/\/www.hidrauservice.com.br\/index.php\/wp-json\/wp\/v2\/product\/2985","targetHints":{"allow":["GET"]}}],"collection":[{"href":"https:\/\/www.hidrauservice.com.br\/index.php\/wp-json\/wp\/v2\/product"}],"about":[{"href":"https:\/\/www.hidrauservice.com.br\/index.php\/wp-json\/wp\/v2\/types\/product"}],"replies":[{"embeddable":true,"href":"https:\/\/www.hidrauservice.com.br\/index.php\/wp-json\/wp\/v2\/comments?post=2985"}],"wp:featuredmedia":[{"embeddable":true,"href":"https:\/\/www.hidrauservice.com.br\/index.php\/wp-json\/wp\/v2\/media\/2987"}],"wp:attachment":[{"href":"https:\/\/www.hidrauservice.com.br\/index.php\/wp-json\/wp\/v2\/media?parent=2985"}],"wp:term":[{"taxonomy":"product_brand","embeddable":true,"href":"https:\/\/www.hidrauservice.com.br\/index.php\/wp-json\/wp\/v2\/product_brand?post=2985"},{"taxonomy":"product_cat","embeddable":true,"href":"https:\/\/www.hidrauservice.com.br\/index.php\/wp-json\/wp\/v2\/product_cat?post=2985"},{"taxonomy":"product_tag","embeddable":true,"href":"https:\/\/www.hidrauservice.com.br\/index.php\/wp-json\/wp\/v2\/product_tag?post=2985"}],"curies":[{"name":"wp","href":"https:\/\/api.w.org\/{rel}","templated":true}]}}