{"id":2424,"date":"2024-02-01T17:39:22","date_gmt":"2024-02-01T20:39:22","guid":{"rendered":"https:\/\/hidrauservice.com.br\/?post_type=product&#038;p=2424"},"modified":"2024-03-27T12:03:20","modified_gmt":"2024-03-27T15:03:20","slug":"luva-entalhada-10-estrias-2","status":"publish","type":"product","link":"https:\/\/www.hidrauservice.com.br\/index.php\/produto\/luva-entalhada-10-estrias-2\/","title":{"rendered":"Luva entalhada 10 estrias"},"content":{"rendered":"<p><img decoding=\"async\" class=\" wp-image-2872 aligncenter\" src=\"http:\/\/hidrauservice.com.br\/wp-content\/uploads\/2024\/02\/6021300062-e1711138563439-1-300x234.png\" alt=\"\" width=\"203\" height=\"158\" srcset=\"https:\/\/www.hidrauservice.com.br\/wp-content\/uploads\/2024\/02\/6021300062-e1711138563439-1-300x234.png 300w, https:\/\/www.hidrauservice.com.br\/wp-content\/uploads\/2024\/02\/6021300062-e1711138563439-1-600x468.png 600w, https:\/\/www.hidrauservice.com.br\/wp-content\/uploads\/2024\/02\/6021300062-e1711138563439-1-64x50.png 64w, https:\/\/www.hidrauservice.com.br\/wp-content\/uploads\/2024\/02\/6021300062-e1711138563439-1.png 686w\" sizes=\"(max-width: 203px) 100vw, 203px\" \/><\/p>\n<table style=\"height: 184px;\" width=\"446\">\n<tbody>\n<tr>\n<td style=\"text-align: center;\" width=\"64\">REF.<\/td>\n<td style=\"text-align: center;\" width=\"64\">Descri\u00e7\u00e3o<\/td>\n<td style=\"text-align: center;\" width=\"64\">C\u00f3digo<\/td>\n<\/tr>\n<tr>\n<td style=\"text-align: center;\">011<\/td>\n<td style=\"text-align: center;\">Luva entalhada &#8211; 10 estrias Fiat Allis<\/td>\n<td style=\"text-align: center;\">6021300062<\/td>\n<\/tr>\n<\/tbody>\n<\/table>\n<p><img fetchpriority=\"high\" decoding=\"async\" class=\"wp-image-2870 aligncenter\" src=\"http:\/\/hidrauservice.com.br\/wp-content\/uploads\/2024\/02\/6021300002-2-300x132.png\" alt=\"\" width=\"502\" height=\"221\" srcset=\"https:\/\/www.hidrauservice.com.br\/wp-content\/uploads\/2024\/02\/6021300002-2-300x132.png 300w, https:\/\/www.hidrauservice.com.br\/wp-content\/uploads\/2024\/02\/6021300002-2-1024x449.png 1024w, https:\/\/www.hidrauservice.com.br\/wp-content\/uploads\/2024\/02\/6021300002-2-768x337.png 768w, https:\/\/www.hidrauservice.com.br\/wp-content\/uploads\/2024\/02\/6021300002-2-600x263.png 600w, https:\/\/www.hidrauservice.com.br\/wp-content\/uploads\/2024\/02\/6021300002-2-64x28.png 64w, https:\/\/www.hidrauservice.com.br\/wp-content\/uploads\/2024\/02\/6021300002-2.png 1222w\" sizes=\"(max-width: 502px) 100vw, 502px\" \/><\/p>\n<table style=\"height: 184px;\" width=\"446\">\n<tbody>\n<tr>\n<td style=\"text-align: center;\" width=\"64\">REF.<\/td>\n<td style=\"text-align: center;\" width=\"64\">Descri\u00e7\u00e3o<\/td>\n<td style=\"text-align: center;\" width=\"64\">C\u00f3digo<\/td>\n<\/tr>\n<tr>\n<td style=\"text-align: center;\">73401606<\/td>\n<td style=\"text-align: center;\">Luva entalhada 10 estrias NH<\/td>\n<td style=\"text-align: center;\">6021300002<\/td>\n<\/tr>\n<\/tbody>\n<\/table>\n","protected":false},"excerpt":{"rendered":"<p>REF. Descri\u00e7\u00e3o C\u00f3digo 011 Luva entalhada &#8211; 10 estrias Fiat Allis 6021300062 REF. Descri\u00e7\u00e3o C\u00f3digo 73401606 Luva entalhada 10 estrias NH 6021300002<\/p>\n","protected":false},"featured_media":2762,"comment_status":"open","ping_status":"closed","template":"","meta":[],"product_brand":[],"product_cat":[53,54],"product_tag":[],"class_list":{"0":"post-2424","1":"product","2":"type-product","3":"status-publish","4":"has-post-thumbnail","6":"product_cat-luvasepontasent","7":"product_cat-produtos","9":"first","10":"instock","11":"shipping-taxable","12":"product-type-simple"},"_links":{"self":[{"href":"https:\/\/www.hidrauservice.com.br\/index.php\/wp-json\/wp\/v2\/product\/2424","targetHints":{"allow":["GET"]}}],"collection":[{"href":"https:\/\/www.hidrauservice.com.br\/index.php\/wp-json\/wp\/v2\/product"}],"about":[{"href":"https:\/\/www.hidrauservice.com.br\/index.php\/wp-json\/wp\/v2\/types\/product"}],"replies":[{"embeddable":true,"href":"https:\/\/www.hidrauservice.com.br\/index.php\/wp-json\/wp\/v2\/comments?post=2424"}],"wp:featuredmedia":[{"embeddable":true,"href":"https:\/\/www.hidrauservice.com.br\/index.php\/wp-json\/wp\/v2\/media\/2762"}],"wp:attachment":[{"href":"https:\/\/www.hidrauservice.com.br\/index.php\/wp-json\/wp\/v2\/media?parent=2424"}],"wp:term":[{"taxonomy":"product_brand","embeddable":true,"href":"https:\/\/www.hidrauservice.com.br\/index.php\/wp-json\/wp\/v2\/product_brand?post=2424"},{"taxonomy":"product_cat","embeddable":true,"href":"https:\/\/www.hidrauservice.com.br\/index.php\/wp-json\/wp\/v2\/product_cat?post=2424"},{"taxonomy":"product_tag","embeddable":true,"href":"https:\/\/www.hidrauservice.com.br\/index.php\/wp-json\/wp\/v2\/product_tag?post=2424"}],"curies":[{"name":"wp","href":"https:\/\/api.w.org\/{rel}","templated":true}]}}