{"id":2337,"date":"2024-02-01T15:41:58","date_gmt":"2024-02-01T18:41:58","guid":{"rendered":"https:\/\/hidrauservice.com.br\/?post_type=product&#038;p=2337"},"modified":"2024-03-22T18:14:12","modified_gmt":"2024-03-22T21:14:12","slug":"ponta-de-eixo-entalhada-7-8-x-1","status":"publish","type":"product","link":"https:\/\/www.hidrauservice.com.br\/index.php\/produto\/ponta-de-eixo-entalhada-7-8-x-1\/","title":{"rendered":"Ponta de eixo entalhada 7\/8&#8243;"},"content":{"rendered":"<table style=\"height: 225px;\" width=\"493\">\n<tbody>\n<tr>\n<td style=\"text-align: center;\" width=\"64\">REF.<\/td>\n<td style=\"text-align: center;\" width=\"64\">Descri\u00e7\u00e3o<\/td>\n<td style=\"text-align: center;\" width=\"64\">C\u00f3digo<\/td>\n<\/tr>\n<tr>\n<td style=\"text-align: center;\">0503030041A<\/td>\n<td style=\"text-align: center;\">Ponta de eixo entalhada 7\/8&#8243; X 1&#8243; &#8211; 13 estrias<\/td>\n<td style=\"text-align: center;\">6021800016<\/td>\n<\/tr>\n<\/tbody>\n<\/table>\n<p>&nbsp;<\/p>\n<table style=\"height: 225px;\" width=\"493\">\n<tbody>\n<tr>\n<td style=\"text-align: center;\" width=\"64\">REF.<\/td>\n<td style=\"text-align: center;\" width=\"64\">Descri\u00e7\u00e3o<\/td>\n<td style=\"text-align: center;\" width=\"64\">C\u00f3digo<\/td>\n<\/tr>\n<tr>\n<td style=\"text-align: center;\">0503030041<\/td>\n<td style=\"text-align: center;\">Ponta de eixo entalhada 7\/8&#8243; X 7\/8&#8243;&#8221; &#8211; 13 estrias<\/td>\n<td style=\"text-align: center;\">6021800017<\/td>\n<\/tr>\n<\/tbody>\n<\/table>\n<p>&nbsp;<\/p>\n<table style=\"height: 177px;\" width=\"582\">\n<tbody>\n<tr>\n<td style=\"text-align: center;\" width=\"64\">REF.<\/td>\n<td style=\"text-align: center;\" width=\"64\">Descri\u00e7\u00e3o<\/td>\n<td style=\"text-align: center;\" width=\"64\">C\u00f3digo<\/td>\n<\/tr>\n<tr>\n<td style=\"text-align: center;\">0503030677<\/td>\n<td style=\"text-align: center;\">Ponta de eixo entalhada 7\/8\u2033 \u2013 13 estrias c\/ rebaixo<\/td>\n<td style=\"text-align: center;\">6021800015<\/td>\n<\/tr>\n<\/tbody>\n<\/table>\n","protected":false},"excerpt":{"rendered":"<p>REF. Descri\u00e7\u00e3o C\u00f3digo 0503030041A Ponta de eixo entalhada 7\/8&#8243; X 1&#8243; &#8211; 13 estrias 6021800016 &nbsp; REF. Descri\u00e7\u00e3o C\u00f3digo 0503030041 Ponta de eixo entalhada 7\/8&#8243; X 7\/8&#8243;&#8221; &#8211; 13 estrias 6021800017 &nbsp; REF. Descri\u00e7\u00e3o C\u00f3digo 0503030677 Ponta de eixo entalhada 7\/8\u2033 \u2013 13 estrias c\/ rebaixo 6021800015<\/p>\n","protected":false},"featured_media":2803,"comment_status":"open","ping_status":"closed","template":"","meta":[],"product_brand":[],"product_cat":[53,54],"product_tag":[],"class_list":{"0":"post-2337","1":"product","2":"type-product","3":"status-publish","4":"has-post-thumbnail","6":"product_cat-luvasepontasent","7":"product_cat-produtos","9":"first","10":"instock","11":"shipping-taxable","12":"product-type-simple"},"_links":{"self":[{"href":"https:\/\/www.hidrauservice.com.br\/index.php\/wp-json\/wp\/v2\/product\/2337","targetHints":{"allow":["GET"]}}],"collection":[{"href":"https:\/\/www.hidrauservice.com.br\/index.php\/wp-json\/wp\/v2\/product"}],"about":[{"href":"https:\/\/www.hidrauservice.com.br\/index.php\/wp-json\/wp\/v2\/types\/product"}],"replies":[{"embeddable":true,"href":"https:\/\/www.hidrauservice.com.br\/index.php\/wp-json\/wp\/v2\/comments?post=2337"}],"wp:featuredmedia":[{"embeddable":true,"href":"https:\/\/www.hidrauservice.com.br\/index.php\/wp-json\/wp\/v2\/media\/2803"}],"wp:attachment":[{"href":"https:\/\/www.hidrauservice.com.br\/index.php\/wp-json\/wp\/v2\/media?parent=2337"}],"wp:term":[{"taxonomy":"product_brand","embeddable":true,"href":"https:\/\/www.hidrauservice.com.br\/index.php\/wp-json\/wp\/v2\/product_brand?post=2337"},{"taxonomy":"product_cat","embeddable":true,"href":"https:\/\/www.hidrauservice.com.br\/index.php\/wp-json\/wp\/v2\/product_cat?post=2337"},{"taxonomy":"product_tag","embeddable":true,"href":"https:\/\/www.hidrauservice.com.br\/index.php\/wp-json\/wp\/v2\/product_tag?post=2337"}],"curies":[{"name":"wp","href":"https:\/\/api.w.org\/{rel}","templated":true}]}}