{"id":2334,"date":"2024-02-01T15:39:20","date_gmt":"2024-02-01T18:39:20","guid":{"rendered":"https:\/\/hidrauservice.com.br\/?post_type=product&#038;p=2334"},"modified":"2024-03-13T02:37:46","modified_gmt":"2024-03-13T05:37:46","slug":"luva-entalhada-7-8","status":"publish","type":"product","link":"https:\/\/www.hidrauservice.com.br\/index.php\/produto\/luva-entalhada-7-8\/","title":{"rendered":"Luva entalhada 7\/8&#8243;"},"content":{"rendered":"<table style=\"height: 229px;\" width=\"634\">\n<tbody>\n<tr>\n<td style=\"text-align: center;\" width=\"64\">REF.<\/td>\n<td style=\"text-align: center;\" colspan=\"2\" width=\"128\">Descri\u00e7\u00e3o<\/td>\n<td style=\"text-align: center;\" width=\"64\">C\u00f3digo<\/td>\n<\/tr>\n<tr>\n<td style=\"text-align: center;\" width=\"64\">0503030043<\/td>\n<td style=\"text-align: center;\" colspan=\"2\" width=\"128\">Luva entalhada 7\/8&#8243; &#8211; 61MM<\/td>\n<td style=\"text-align: center;\" width=\"64\">6021300036<\/td>\n<\/tr>\n<tr>\n<td style=\"text-align: center;\" width=\"64\">0503030046<\/td>\n<td style=\"text-align: center;\" colspan=\"2\" width=\"128\">Luva entalhada 7\/8&#8243; &#8211; 57MM<\/td>\n<td style=\"text-align: center;\" width=\"64\">6021300035<\/td>\n<\/tr>\n<tr>\n<td style=\"text-align: center;\" width=\"64\">SAN2100004<\/td>\n<td style=\"text-align: center;\" colspan=\"2\" width=\"128\">Luva entalhada 7\/8&#8243; &#8211; 71MM<\/td>\n<td style=\"text-align: center;\" width=\"64\">6021300027<\/td>\n<\/tr>\n<\/tbody>\n<\/table>\n","protected":false},"excerpt":{"rendered":"<p>REF. Descri\u00e7\u00e3o C\u00f3digo 0503030043 Luva entalhada 7\/8&#8243; &#8211; 61MM 6021300036 0503030046 Luva entalhada 7\/8&#8243; &#8211; 57MM 6021300035 SAN2100004 Luva entalhada 7\/8&#8243; &#8211; 71MM 6021300027<\/p>\n","protected":false},"featured_media":2757,"comment_status":"open","ping_status":"closed","template":"","meta":[],"product_brand":[],"product_cat":[53],"product_tag":[],"class_list":{"0":"post-2334","1":"product","2":"type-product","3":"status-publish","4":"has-post-thumbnail","6":"product_cat-luvasepontasent","8":"first","9":"instock","10":"shipping-taxable","11":"product-type-simple"},"_links":{"self":[{"href":"https:\/\/www.hidrauservice.com.br\/index.php\/wp-json\/wp\/v2\/product\/2334","targetHints":{"allow":["GET"]}}],"collection":[{"href":"https:\/\/www.hidrauservice.com.br\/index.php\/wp-json\/wp\/v2\/product"}],"about":[{"href":"https:\/\/www.hidrauservice.com.br\/index.php\/wp-json\/wp\/v2\/types\/product"}],"replies":[{"embeddable":true,"href":"https:\/\/www.hidrauservice.com.br\/index.php\/wp-json\/wp\/v2\/comments?post=2334"}],"wp:featuredmedia":[{"embeddable":true,"href":"https:\/\/www.hidrauservice.com.br\/index.php\/wp-json\/wp\/v2\/media\/2757"}],"wp:attachment":[{"href":"https:\/\/www.hidrauservice.com.br\/index.php\/wp-json\/wp\/v2\/media?parent=2334"}],"wp:term":[{"taxonomy":"product_brand","embeddable":true,"href":"https:\/\/www.hidrauservice.com.br\/index.php\/wp-json\/wp\/v2\/product_brand?post=2334"},{"taxonomy":"product_cat","embeddable":true,"href":"https:\/\/www.hidrauservice.com.br\/index.php\/wp-json\/wp\/v2\/product_cat?post=2334"},{"taxonomy":"product_tag","embeddable":true,"href":"https:\/\/www.hidrauservice.com.br\/index.php\/wp-json\/wp\/v2\/product_tag?post=2334"}],"curies":[{"name":"wp","href":"https:\/\/api.w.org\/{rel}","templated":true}]}}