{"id":2063,"date":"2024-01-30T15:15:06","date_gmt":"2024-01-30T18:15:06","guid":{"rendered":"https:\/\/hidrauservice.com.br\/?post_type=product&#038;p=2063"},"modified":"2024-04-22T21:08:53","modified_gmt":"2024-04-23T00:08:53","slug":"engate-rapido-1-2-completo","status":"publish","type":"product","link":"https:\/\/www.hidrauservice.com.br\/index.php\/produto\/engate-rapido-1-2-completo\/","title":{"rendered":"Engate R\u00e1pido Hidr\u00e1ulico 1\/2\u2033"},"content":{"rendered":"<table style=\"height: 96px;\" width=\"699\">\n<tbody>\n<tr>\n<td style=\"text-align: center;\" width=\"64\">REF.<\/td>\n<td style=\"text-align: center;\" width=\"64\">Descri\u00e7\u00e3o<\/td>\n<td style=\"text-align: center;\" width=\"64\">C\u00f3digo<\/td>\n<\/tr>\n<tr>\n<td style=\"text-align: center;\">001009<\/td>\n<td style=\"text-align: center;\">Jun\u00e7\u00e3o agr\u00edcola 1\/2 completo<\/td>\n<td style=\"text-align: center;\">6010100015<\/td>\n<\/tr>\n<\/tbody>\n<\/table>\n<p>&nbsp;<\/p>\n<table style=\"height: 114px;\" width=\"703\">\n<tbody>\n<tr>\n<td style=\"text-align: center;\" width=\"64\">REF.<\/td>\n<td style=\"text-align: center;\" width=\"64\">Descri\u00e7\u00e3o<\/td>\n<td style=\"text-align: center;\" width=\"64\">C\u00f3digo<\/td>\n<\/tr>\n<tr>\n<td style=\"text-align: center;\">001009<\/td>\n<td style=\"text-align: center;\">Massey ferg.<\/td>\n<td style=\"text-align: center;\">3410413<\/td>\n<\/tr>\n<tr>\n<td style=\"text-align: center;\">001009<\/td>\n<td style=\"text-align: center;\">Valtra<\/td>\n<td style=\"text-align: center;\">190901<\/td>\n<\/tr>\n<\/tbody>\n<\/table>\n<p>&nbsp;<\/p>\n<table style=\"height: 80px;\" width=\"759\">\n<tbody>\n<tr>\n<td style=\"text-align: center;\">REF.<\/td>\n<td style=\"text-align: center;\">Descri\u00e7\u00e3o<\/td>\n<td style=\"text-align: center;\">C\u00f3digo<\/td>\n<\/tr>\n<tr>\n<td style=\"text-align: center;\">001008<\/td>\n<td style=\"text-align: center;\">Jun\u00e7\u00e3o agr\u00edcola f\u00eamea 1\/2&#8243;<\/td>\n<td style=\"text-align: center;\">6010100003<\/td>\n<\/tr>\n<\/tbody>\n<\/table>\n<p>&nbsp;<\/p>\n<table style=\"height: 80px;\" width=\"759\">\n<tbody>\n<tr>\n<td style=\"text-align: center;\">REF.<\/td>\n<td style=\"text-align: center;\">Marca<\/td>\n<td style=\"text-align: center;\">C\u00f3digo<\/td>\n<\/tr>\n<tr>\n<td style=\"text-align: center;\">001008<\/td>\n<td style=\"text-align: center;\">Agrale<\/td>\n<td style=\"text-align: center;\">8009108003<\/td>\n<\/tr>\n<tr>\n<td style=\"text-align: center;\">001008<\/td>\n<td style=\"text-align: center;\">Massey Ferg.<\/td>\n<td style=\"text-align: center;\">3410419<\/td>\n<\/tr>\n<tr>\n<td style=\"text-align: center;\">001008<\/td>\n<td style=\"text-align: center;\">Valtra<\/td>\n<td style=\"text-align: center;\">271100<\/td>\n<\/tr>\n<\/tbody>\n<\/table>\n<p>&nbsp;<\/p>\n<table style=\"height: 80px;\" width=\"759\">\n<tbody>\n<tr>\n<td style=\"text-align: center;\">REF.<\/td>\n<td style=\"text-align: center;\">Descri\u00e7\u00e3o<\/td>\n<td style=\"text-align: center;\">C\u00f3digo<\/td>\n<\/tr>\n<tr>\n<td style=\"text-align: center;\">001006<\/td>\n<td style=\"text-align: center;\">Jun\u00e7\u00e3o agr\u00edcola macho 1\/2&#8243;<\/td>\n<td style=\"text-align: center;\">6010100014<\/td>\n<\/tr>\n<\/tbody>\n<\/table>\n<p>&nbsp;<\/p>\n<table style=\"height: 80px;\" width=\"759\">\n<tbody>\n<tr>\n<td style=\"text-align: center;\">REF.<\/td>\n<td style=\"text-align: center;\">Marca<\/td>\n<td style=\"text-align: center;\">C\u00f3digo<\/td>\n<\/tr>\n<tr>\n<td style=\"text-align: center;\">001006<\/td>\n<td style=\"text-align: center;\">New Holland<\/td>\n<td style=\"text-align: center;\">82991846<\/td>\n<\/tr>\n<tr>\n<td style=\"text-align: center;\">001006<\/td>\n<td style=\"text-align: center;\">Massey Ferg.<\/td>\n<td style=\"text-align: center;\">3410420<\/td>\n<\/tr>\n<tr>\n<td style=\"text-align: center;\">001006<\/td>\n<td style=\"text-align: center;\">Valtra<\/td>\n<td style=\"text-align: center;\">271100<\/td>\n<\/tr>\n<\/tbody>\n<\/table>\n","protected":false},"excerpt":{"rendered":"<p>Engate R\u00e1pido Hidr\u00e1ulico 1\/2\u2033 dispon\u00edvel na rosca 1\/2\u2033 NPT. Conex\u00e3o e desconex\u00e3o por meio de retra\u00e7\u00e3o da capa, com acabamento superficial em Zinco Trivalente, Travamento por esferas de de a\u00e7o polida, An\u00e9is anti-extrus\u00e3o em PTFE e Veda\u00e7\u00e3o em NBR (Borracha Nitr\u00edlica).<\/p>\n<p>&nbsp;<\/p>\n<ul>\n<li>Press\u00e3o de Trabalho 250 Bar;<\/li>\n<li>Temperatura de trabalho: -25\u00b0C \u00e0 +100\u00b0C;<\/li>\n<li>Vaz\u00e3o \u00b1 65 (l\/min);<\/li>\n<li>Norma ISO 7241-1 serie \u201cA\u201d<\/li>\n<\/ul>\n","protected":false},"featured_media":2064,"comment_status":"open","ping_status":"closed","template":"","meta":[],"product_brand":[],"product_cat":[49,54],"product_tag":[],"class_list":{"0":"post-2063","1":"product","2":"type-product","3":"status-publish","4":"has-post-thumbnail","6":"product_cat-engatesrapido","7":"product_cat-produtos","9":"first","10":"instock","11":"shipping-taxable","12":"product-type-simple"},"_links":{"self":[{"href":"https:\/\/www.hidrauservice.com.br\/index.php\/wp-json\/wp\/v2\/product\/2063","targetHints":{"allow":["GET"]}}],"collection":[{"href":"https:\/\/www.hidrauservice.com.br\/index.php\/wp-json\/wp\/v2\/product"}],"about":[{"href":"https:\/\/www.hidrauservice.com.br\/index.php\/wp-json\/wp\/v2\/types\/product"}],"replies":[{"embeddable":true,"href":"https:\/\/www.hidrauservice.com.br\/index.php\/wp-json\/wp\/v2\/comments?post=2063"}],"wp:featuredmedia":[{"embeddable":true,"href":"https:\/\/www.hidrauservice.com.br\/index.php\/wp-json\/wp\/v2\/media\/2064"}],"wp:attachment":[{"href":"https:\/\/www.hidrauservice.com.br\/index.php\/wp-json\/wp\/v2\/media?parent=2063"}],"wp:term":[{"taxonomy":"product_brand","embeddable":true,"href":"https:\/\/www.hidrauservice.com.br\/index.php\/wp-json\/wp\/v2\/product_brand?post=2063"},{"taxonomy":"product_cat","embeddable":true,"href":"https:\/\/www.hidrauservice.com.br\/index.php\/wp-json\/wp\/v2\/product_cat?post=2063"},{"taxonomy":"product_tag","embeddable":true,"href":"https:\/\/www.hidrauservice.com.br\/index.php\/wp-json\/wp\/v2\/product_tag?post=2063"}],"curies":[{"name":"wp","href":"https:\/\/api.w.org\/{rel}","templated":true}]}}