{"id":73,"date":"2023-06-24T00:14:20","date_gmt":"2023-06-24T03:14:20","guid":{"rendered":"https:\/\/hidrauservice.com.br\/?page_id=73"},"modified":"2024-03-27T16:23:59","modified_gmt":"2024-03-27T19:23:59","slug":"sobre-nos","status":"publish","type":"page","link":"https:\/\/www.hidrauservice.com.br\/index.php\/sobre-nos\/","title":{"rendered":"Sobre n\u00f3s"},"content":{"rendered":"\t\t<div data-elementor-type=\"wp-page\" data-elementor-id=\"73\" class=\"elementor elementor-73\" data-elementor-post-type=\"page\">\n\t\t\t\t<div class=\"elementor-element elementor-element-d9d69fd e-flex e-con-boxed e-con e-parent\" data-id=\"d9d69fd\" data-element_type=\"container\" data-e-type=\"container\">\n\t\t\t\t\t<div class=\"e-con-inner\">\n\t\t<div class=\"elementor-element elementor-element-1093c76 e-con-full e-flex elementor-invisible e-con e-child\" data-id=\"1093c76\" data-element_type=\"container\" data-e-type=\"container\" data-settings=\"{&quot;animation&quot;:&quot;fadeInRight&quot;}\">\n\t\t\t\t<div class=\"elementor-element elementor-element-bc25527 elementor-widget elementor-widget-heading\" data-id=\"bc25527\" data-element_type=\"widget\" data-e-type=\"widget\" data-widget_type=\"heading.default\">\n\t\t\t\t<div class=\"elementor-widget-container\">\n\t\t\t\t\t<h3 class=\"elementor-heading-title elementor-size-default\">Sobre n\u00f3s <\/h3>\t\t\t\t<\/div>\n\t\t\t\t<\/div>\n\t\t\t\t<div class=\"elementor-element elementor-element-3ab4599 elementor-widget elementor-widget-text-editor\" data-id=\"3ab4599\" data-element_type=\"widget\" data-e-type=\"widget\" data-widget_type=\"text-editor.default\">\n\t\t\t\t<div class=\"elementor-widget-container\">\n\t\t\t\t\t\t\t\t\t<p>A empresa HidrauService, especializada na fabrica\u00e7\u00e3o e comercializa\u00e7\u00e3o de pe\u00e7as agr\u00edcolas e hidr\u00e1ulicas, teve seu in\u00edcio em 30 de Julho de 2015 na cidade de Mat\u00e3o-SP. Inicialmente, dedicou-se \u00e0 presta\u00e7\u00e3o de servi\u00e7os de usinagem para renomadas empresas da regi\u00e3o no ramo agr\u00edcola.<\/p><p>Em 2017, a HidrauService consolidou sua presen\u00e7a no mercado ao adquirir o segmento de pe\u00e7as hidr\u00e1ulicas de uma empresa com mais de duas d\u00e9cadas de experi\u00eancia. Essa aquisi\u00e7\u00e3o foi resultado do reconhecimento pelo excepcional desempenho da empresa no setor.<\/p><p>Desde ent\u00e3o, a empresa tem se empenhado em aprimorar continuamente suas pr\u00e1ticas e adotar m\u00e9todos de trabalho inovadores para garantir a produ\u00e7\u00e3o de pe\u00e7as de alta qualidade que atendam \u00e0s demandas do mercado e superem as expectativas dos clientes.<\/p><p>Acima de tudo, a empresa busca constantemente as melhores oportunidades de negocia\u00e7\u00e3o, visando proporcionar aos clientes um excelente custo-benef\u00edcio. Dessa forma, os clientes podem confiar plenamente na HidrauService, tendo a certeza de que as condi\u00e7\u00f5es acordadas ser\u00e3o sempre cumpridas.<\/p>\t\t\t\t\t\t\t\t<\/div>\n\t\t\t\t<\/div>\n\t\t\t\t<\/div>\n\t\t<div class=\"elementor-element elementor-element-ab4960c e-con-full e-flex e-con e-child\" data-id=\"ab4960c\" data-element_type=\"container\" data-e-type=\"container\">\n\t\t\t\t<div class=\"elementor-element elementor-element-576e2a2 elementor-invisible elementor-widget elementor-widget-image\" data-id=\"576e2a2\" data-element_type=\"widget\" data-e-type=\"widget\" data-settings=\"{&quot;_animation&quot;:&quot;fadeInRight&quot;}\" data-widget_type=\"image.default\">\n\t\t\t\t<div class=\"elementor-widget-container\">\n\t\t\t\t\t\t\t\t\t\t\t\t\t\t\t<img fetchpriority=\"high\" decoding=\"async\" width=\"1080\" height=\"1350\" src=\"https:\/\/www.hidrauservice.com.br\/wp-content\/uploads\/2024\/01\/img-section-01.jpg\" class=\"attachment-full size-full wp-image-1732\" alt=\"img section 01\" srcset=\"https:\/\/www.hidrauservice.com.br\/wp-content\/uploads\/2024\/01\/img-section-01.jpg 1080w, https:\/\/www.hidrauservice.com.br\/wp-content\/uploads\/2024\/01\/img-section-01-240x300.jpg 240w, https:\/\/www.hidrauservice.com.br\/wp-content\/uploads\/2024\/01\/img-section-01-819x1024.jpg 819w, https:\/\/www.hidrauservice.com.br\/wp-content\/uploads\/2024\/01\/img-section-01-768x960.jpg 768w, https:\/\/www.hidrauservice.com.br\/wp-content\/uploads\/2024\/01\/img-section-01-600x750.jpg 600w\" sizes=\"(max-width: 1080px) 100vw, 1080px\" \/>\t\t\t\t\t\t\t\t\t\t\t\t\t\t\t<\/div>\n\t\t\t\t<\/div>\n\t\t\t\t<\/div>\n\t\t\t\t\t<\/div>\n\t\t\t\t<\/div>\n\t\t<div class=\"elementor-element elementor-element-86879cf e-flex e-con-boxed e-con e-parent\" data-id=\"86879cf\" data-element_type=\"container\" data-e-type=\"container\" data-settings=\"{&quot;background_background&quot;:&quot;classic&quot;}\">\n\t\t\t\t\t<div class=\"e-con-inner\">\n\t\t<div class=\"elementor-element elementor-element-f149a6d animated-slow e-con-full e-flex elementor-invisible e-con e-child\" data-id=\"f149a6d\" data-element_type=\"container\" data-e-type=\"container\" data-settings=\"{&quot;animation&quot;:&quot;fadeIn&quot;}\">\n\t\t<div class=\"elementor-element elementor-element-1500aac e-con-full e-flex e-con e-child\" data-id=\"1500aac\" data-element_type=\"container\" data-e-type=\"container\">\n\t\t<div class=\"elementor-element elementor-element-b464cea e-con-full e-flex e-con e-child\" data-id=\"b464cea\" data-element_type=\"container\" data-e-type=\"container\">\n\t\t\t\t<div class=\"elementor-element elementor-element-7b4e11d elementor-widget elementor-widget-image\" data-id=\"7b4e11d\" data-element_type=\"widget\" data-e-type=\"widget\" data-widget_type=\"image.default\">\n\t\t\t\t<div class=\"elementor-widget-container\">\n\t\t\t\t\t\t\t\t\t\t\t\t\t\t\t<img decoding=\"async\" width=\"150\" height=\"150\" src=\"https:\/\/www.hidrauservice.com.br\/wp-content\/uploads\/2023\/06\/LOGO-HIDRAUSERVICE-150x150.png\" class=\"attachment-thumbnail size-thumbnail wp-image-1710\" alt=\"LOGO HIDRAUSERVICE\" srcset=\"https:\/\/www.hidrauservice.com.br\/wp-content\/uploads\/2023\/06\/LOGO-HIDRAUSERVICE-150x150.png 150w, https:\/\/www.hidrauservice.com.br\/wp-content\/uploads\/2023\/06\/LOGO-HIDRAUSERVICE-300x300.png 300w, https:\/\/www.hidrauservice.com.br\/wp-content\/uploads\/2023\/06\/LOGO-HIDRAUSERVICE-1024x1024.png 1024w, https:\/\/www.hidrauservice.com.br\/wp-content\/uploads\/2023\/06\/LOGO-HIDRAUSERVICE-768x768.png 768w, https:\/\/www.hidrauservice.com.br\/wp-content\/uploads\/2023\/06\/LOGO-HIDRAUSERVICE-600x600.png 600w, https:\/\/www.hidrauservice.com.br\/wp-content\/uploads\/2023\/06\/LOGO-HIDRAUSERVICE-100x100.png 100w, https:\/\/www.hidrauservice.com.br\/wp-content\/uploads\/2023\/06\/LOGO-HIDRAUSERVICE.png 1080w\" sizes=\"(max-width: 150px) 100vw, 150px\" \/>\t\t\t\t\t\t\t\t\t\t\t\t\t\t\t<\/div>\n\t\t\t\t<\/div>\n\t\t\t\t<div class=\"elementor-element elementor-element-ba6cc83 elementor-widget-divider--view-line elementor-widget elementor-widget-divider\" data-id=\"ba6cc83\" data-element_type=\"widget\" data-e-type=\"widget\" data-widget_type=\"divider.default\">\n\t\t\t\t<div class=\"elementor-widget-container\">\n\t\t\t\t\t\t\t<div class=\"elementor-divider\">\n\t\t\t<span class=\"elementor-divider-separator\">\n\t\t\t\t\t\t<\/span>\n\t\t<\/div>\n\t\t\t\t\t\t<\/div>\n\t\t\t\t<\/div>\n\t\t\t\t<\/div>\n\t\t\t\t<\/div>\n\t\t\t\t<div class=\"elementor-element elementor-element-e4517bd elementor-widget elementor-widget-heading\" data-id=\"e4517bd\" data-element_type=\"widget\" data-e-type=\"widget\" data-widget_type=\"heading.default\">\n\t\t\t\t<div class=\"elementor-widget-container\">\n\t\t\t\t\t<h2 class=\"elementor-heading-title elementor-size-default\">Conhe\u00e7a nossa hist\u00f3ria e como trabalhamos.<\/h2>\t\t\t\t<\/div>\n\t\t\t\t<\/div>\n\t\t<div class=\"elementor-element elementor-element-7cb7844 e-con-full e-flex e-con e-child\" data-id=\"7cb7844\" data-element_type=\"container\" data-e-type=\"container\">\n\t\t<div class=\"elementor-element elementor-element-ec029ee e-con-full e-flex e-con e-child\" data-id=\"ec029ee\" data-element_type=\"container\" data-e-type=\"container\">\n\t\t\t\t<div class=\"elementor-element elementor-element-7c1d87d elementor-widget-divider--view-line elementor-widget elementor-widget-divider\" data-id=\"7c1d87d\" data-element_type=\"widget\" data-e-type=\"widget\" data-widget_type=\"divider.default\">\n\t\t\t\t<div class=\"elementor-widget-container\">\n\t\t\t\t\t\t\t<div class=\"elementor-divider\">\n\t\t\t<span class=\"elementor-divider-separator\">\n\t\t\t\t\t\t<\/span>\n\t\t<\/div>\n\t\t\t\t\t\t<\/div>\n\t\t\t\t<\/div>\n\t\t\t\t<\/div>\n\t\t\t\t<\/div>\n\t\t\t\t<\/div>\n\t\t<div class=\"elementor-element elementor-element-2a5aac5 animated-slow e-con-full e-flex elementor-invisible e-con e-child\" data-id=\"2a5aac5\" data-element_type=\"container\" data-e-type=\"container\" data-settings=\"{&quot;animation&quot;:&quot;fadeIn&quot;}\">\n\t\t\t\t<div class=\"elementor-element elementor-element-152e7a8 elementor-widget elementor-widget-video\" data-id=\"152e7a8\" data-element_type=\"widget\" data-e-type=\"widget\" data-settings=\"{&quot;video_type&quot;:&quot;hosted&quot;,&quot;controls&quot;:&quot;yes&quot;}\" data-widget_type=\"video.default\">\n\t\t\t\t<div class=\"elementor-widget-container\">\n\t\t\t\t\t\t\t<div class=\"e-hosted-video elementor-wrapper elementor-open-inline\">\n\t\t\t\t\t<video class=\"elementor-video\" src=\"http:\/\/hidrauservice.com.br\/wp-content\/uploads\/2024\/03\/HIDRAUSERVICE_1-1.mp4\" controls=\"\" preload=\"metadata\" controlsList=\"nodownload\"><\/video>\n\t\t\t\t<\/div>\n\t\t\t\t\t\t<\/div>\n\t\t\t\t<\/div>\n\t\t\t\t<\/div>\n\t\t\t\t\t<\/div>\n\t\t\t\t<\/div>\n\t\t\t\t<\/div>\n\t\t","protected":false},"excerpt":{"rendered":"<p>Sobre n\u00f3s A empresa HidrauService, especializada na fabrica\u00e7\u00e3o e comercializa\u00e7\u00e3o de pe\u00e7as agr\u00edcolas e hidr\u00e1ulicas, teve seu in\u00edcio em 30 de Julho de 2015 na cidade de Mat\u00e3o-SP. Inicialmente, dedicou-se \u00e0 presta\u00e7\u00e3o de servi\u00e7os de usinagem para renomadas empresas da regi\u00e3o no ramo agr\u00edcola. Em 2017, a HidrauService consolidou sua presen\u00e7a no mercado ao adquirir [&hellip;]<\/p>\n","protected":false},"author":1,"featured_media":0,"parent":0,"menu_order":0,"comment_status":"closed","ping_status":"closed","template":"elementor_header_footer","meta":{"footnotes":""},"class_list":["post-73","page","type-page","status-publish","hentry"],"_links":{"self":[{"href":"https:\/\/www.hidrauservice.com.br\/index.php\/wp-json\/wp\/v2\/pages\/73","targetHints":{"allow":["GET"]}}],"collection":[{"href":"https:\/\/www.hidrauservice.com.br\/index.php\/wp-json\/wp\/v2\/pages"}],"about":[{"href":"https:\/\/www.hidrauservice.com.br\/index.php\/wp-json\/wp\/v2\/types\/page"}],"author":[{"embeddable":true,"href":"https:\/\/www.hidrauservice.com.br\/index.php\/wp-json\/wp\/v2\/users\/1"}],"replies":[{"embeddable":true,"href":"https:\/\/www.hidrauservice.com.br\/index.php\/wp-json\/wp\/v2\/comments?post=73"}],"version-history":[{"count":136,"href":"https:\/\/www.hidrauservice.com.br\/index.php\/wp-json\/wp\/v2\/pages\/73\/revisions"}],"predecessor-version":[{"id":2876,"href":"https:\/\/www.hidrauservice.com.br\/index.php\/wp-json\/wp\/v2\/pages\/73\/revisions\/2876"}],"wp:attachment":[{"href":"https:\/\/www.hidrauservice.com.br\/index.php\/wp-json\/wp\/v2\/media?parent=73"}],"curies":[{"name":"wp","href":"https:\/\/api.w.org\/{rel}","templated":true}]}}